{"id":82,"date":"2016-12-18T12:50:07","date_gmt":"2016-12-18T12:50:07","guid":{"rendered":"https:\/\/sp-kruse.de\/?page_id=82"},"modified":"2026-03-06T07:48:52","modified_gmt":"2026-03-06T07:48:52","slug":"computer","status":"publish","type":"page","link":"https:\/\/sp-kruse.de\/?page_id=82","title":{"rendered":"Computer und Internet"},"content":{"rendered":"\n<p><strong>Im Bereich Computer und Netzwerktechnik verwende ich haupts\u00e4chlich Produkte von der Firma Wortmann. Die&nbsp; Wortmann AG bietet IT aus Deutschland. Hier stimmt nicht nur das Preis- Leistungsverh\u00e4ltnis, sondern auch der Service.<\/strong><\/p>\n\n\n\n<p>TERRA PAD 1201 mit neuem Adroid 14 Betriebssystem die super alternative zum Laptop!<\/p>\n\n\n\n<figure class=\"wp-block-image size-full\"><img loading=\"lazy\" decoding=\"async\" width=\"605\" height=\"605\" src=\"https:\/\/sp-kruse.de\/wp-content\/uploads\/2025\/02\/Terra-PAD1201.jpg\" alt=\"\" class=\"wp-image-964\" srcset=\"https:\/\/sp-kruse.de\/wp-content\/uploads\/2025\/02\/Terra-PAD1201.jpg 605w, https:\/\/sp-kruse.de\/wp-content\/uploads\/2025\/02\/Terra-PAD1201-300x300.jpg 300w, https:\/\/sp-kruse.de\/wp-content\/uploads\/2025\/02\/Terra-PAD1201-150x150.jpg 150w, https:\/\/sp-kruse.de\/wp-content\/uploads\/2025\/02\/Terra-PAD1201-230x230.jpg 230w, https:\/\/sp-kruse.de\/wp-content\/uploads\/2025\/02\/Terra-PAD1201-350x350.jpg 350w, https:\/\/sp-kruse.de\/wp-content\/uploads\/2025\/02\/Terra-PAD1201-480x480.jpg 480w\" sizes=\"auto, (max-width: 605px) 100vw, 605px\" \/><figcaption class=\"wp-element-caption\">Das neue Terra PAD 1201 mit gro\u00dfem 12,6&#8243; OLED Panel und Octa-Core Prozezzor . Ausserdem ist schon ein LTE Modem integriert, f\u00fcr den mobilen Einsatz. Die verbauten Kameras haben 13 und 5 Megapixel Aufl\u00f6sung. Der RAM Speicher ist 8 GB gro\u00df und der Gesamtspeicher betr\u00e4gt 256 GB. Optional gibt es eine Klapptasche mit Automatikfunktion. Ohne Tasche betr\u00e4gt der Preis: \u20ac 399,-<\/figcaption><\/figure>\n\n\n<p><strong>\u00a0<\/strong><\/p>\n<p><img loading=\"lazy\" decoding=\"async\" class=\"alignnone wp-image-1034 size-full\" src=\"https:\/\/sp-kruse.de\/wp-content\/uploads\/2025\/10\/Terra-1610.jpg\" alt=\"\" width=\"605\" height=\"605\" srcset=\"https:\/\/sp-kruse.de\/wp-content\/uploads\/2025\/10\/Terra-1610.jpg 605w, https:\/\/sp-kruse.de\/wp-content\/uploads\/2025\/10\/Terra-1610-300x300.jpg 300w, https:\/\/sp-kruse.de\/wp-content\/uploads\/2025\/10\/Terra-1610-150x150.jpg 150w, https:\/\/sp-kruse.de\/wp-content\/uploads\/2025\/10\/Terra-1610-230x230.jpg 230w, https:\/\/sp-kruse.de\/wp-content\/uploads\/2025\/10\/Terra-1610-350x350.jpg 350w, https:\/\/sp-kruse.de\/wp-content\/uploads\/2025\/10\/Terra-1610-480x480.jpg 480w\" sizes=\"auto, (max-width: 605px) 100vw, 605px\" \/><\/p>\n<p>Terra Mobile 1610V2, leistungsstarker und flacher 16 Zoll Laptop mit I5 Prozessor, 16 GB RAM und schneller SSD 500GB Festplatte. Ein Laptop mit Windows 11 und Netzwerkanschlu\u00df! Mit Terra 24 Monate Garantie f\u00fcr nur \u20ac 649,-<\/p>\n\n\n<figure class=\"wp-block-image size-full is-resized\"><img loading=\"lazy\" decoding=\"async\" width=\"640\" height=\"400\" src=\"https:\/\/sp-kruse.de\/wp-content\/uploads\/2025\/02\/fritzbox_5530_fiber_left_de_wi-fi_6_640x400.png\" alt=\"\" class=\"wp-image-977\" style=\"width:774px;height:314px\" srcset=\"https:\/\/sp-kruse.de\/wp-content\/uploads\/2025\/02\/fritzbox_5530_fiber_left_de_wi-fi_6_640x400.png 640w, https:\/\/sp-kruse.de\/wp-content\/uploads\/2025\/02\/fritzbox_5530_fiber_left_de_wi-fi_6_640x400-300x188.png 300w, https:\/\/sp-kruse.de\/wp-content\/uploads\/2025\/02\/fritzbox_5530_fiber_left_de_wi-fi_6_640x400-230x144.png 230w, https:\/\/sp-kruse.de\/wp-content\/uploads\/2025\/02\/fritzbox_5530_fiber_left_de_wi-fi_6_640x400-350x219.png 350w, https:\/\/sp-kruse.de\/wp-content\/uploads\/2025\/02\/fritzbox_5530_fiber_left_de_wi-fi_6_640x400-480x300.png 480w\" sizes=\"auto, (max-width: 640px) 100vw, 640px\" \/><figcaption class=\"wp-element-caption\">DSL Router von AVM und der Telekom habe ich immmer lagernd vorhanden. Ich komme auch gern zu Ihnen nach Hause und \u00fcberpr\u00fcfe Ihr Netzwerk und optimiere es. Der Router von AVM Fritz Box 5530 Fiber mit integriertem Glasfasermodem kann direkt an ihrem Telekom Glasfaseranschlu\u00df betrieben werden.<\/figcaption><\/figure>\n\n\n\n<p><strong>Telekom Glasfasertarife<\/strong><\/p>\n\n\n\n<p><\/p>\n\n\n\n<figure class=\"wp-block-image size-full\"><a href=\"https:\/\/sp-kruse.de\/wp-content\/uploads\/2024\/07\/Screenshot-2025-10-26-at-11-29-41-MagentaTV-mit-Internet-Festnetz-Telekom.png\"><img loading=\"lazy\" decoding=\"async\" width=\"1325\" height=\"602\" src=\"https:\/\/sp-kruse.de\/wp-content\/uploads\/2024\/07\/Screenshot-2025-10-26-at-11-29-41-MagentaTV-mit-Internet-Festnetz-Telekom.png\" alt=\"\" class=\"wp-image-1048\" srcset=\"https:\/\/sp-kruse.de\/wp-content\/uploads\/2024\/07\/Screenshot-2025-10-26-at-11-29-41-MagentaTV-mit-Internet-Festnetz-Telekom.png 1325w, https:\/\/sp-kruse.de\/wp-content\/uploads\/2024\/07\/Screenshot-2025-10-26-at-11-29-41-MagentaTV-mit-Internet-Festnetz-Telekom-300x136.png 300w, https:\/\/sp-kruse.de\/wp-content\/uploads\/2024\/07\/Screenshot-2025-10-26-at-11-29-41-MagentaTV-mit-Internet-Festnetz-Telekom-1024x465.png 1024w, https:\/\/sp-kruse.de\/wp-content\/uploads\/2024\/07\/Screenshot-2025-10-26-at-11-29-41-MagentaTV-mit-Internet-Festnetz-Telekom-768x349.png 768w, https:\/\/sp-kruse.de\/wp-content\/uploads\/2024\/07\/Screenshot-2025-10-26-at-11-29-41-MagentaTV-mit-Internet-Festnetz-Telekom-1000x454.png 1000w, https:\/\/sp-kruse.de\/wp-content\/uploads\/2024\/07\/Screenshot-2025-10-26-at-11-29-41-MagentaTV-mit-Internet-Festnetz-Telekom-230x104.png 230w, https:\/\/sp-kruse.de\/wp-content\/uploads\/2024\/07\/Screenshot-2025-10-26-at-11-29-41-MagentaTV-mit-Internet-Festnetz-Telekom-350x159.png 350w, https:\/\/sp-kruse.de\/wp-content\/uploads\/2024\/07\/Screenshot-2025-10-26-at-11-29-41-MagentaTV-mit-Internet-Festnetz-Telekom-480x218.png 480w\" sizes=\"auto, (max-width: 1325px) 100vw, 1325px\" \/><\/a><figcaption class=\"wp-element-caption\">Die aktuellen Glasfasertarife jetzt immer mit Telefonie Flat in alle Netze!<\/figcaption><\/figure>\n","protected":false},"excerpt":{"rendered":"<p>Im Bereich Computer und Netzwerktechnik verwende ich haupts\u00e4chlich Produkte von der Firma Wortmann. Die&nbsp; Wortmann AG bietet IT aus Deutschland. Hier stimmt [&hellip;]<\/p>\n","protected":false},"author":1,"featured_media":387,"parent":0,"menu_order":0,"comment_status":"closed","ping_status":"closed","template":"","meta":{"footnotes":""},"class_list":["post-82","page","type-page","status-publish","has-post-thumbnail","hentry"],"_links":{"self":[{"href":"https:\/\/sp-kruse.de\/index.php?rest_route=\/wp\/v2\/pages\/82","targetHints":{"allow":["GET"]}}],"collection":[{"href":"https:\/\/sp-kruse.de\/index.php?rest_route=\/wp\/v2\/pages"}],"about":[{"href":"https:\/\/sp-kruse.de\/index.php?rest_route=\/wp\/v2\/types\/page"}],"author":[{"embeddable":true,"href":"https:\/\/sp-kruse.de\/index.php?rest_route=\/wp\/v2\/users\/1"}],"replies":[{"embeddable":true,"href":"https:\/\/sp-kruse.de\/index.php?rest_route=%2Fwp%2Fv2%2Fcomments&post=82"}],"version-history":[{"count":33,"href":"https:\/\/sp-kruse.de\/index.php?rest_route=\/wp\/v2\/pages\/82\/revisions"}],"predecessor-version":[{"id":1101,"href":"https:\/\/sp-kruse.de\/index.php?rest_route=\/wp\/v2\/pages\/82\/revisions\/1101"}],"wp:featuredmedia":[{"embeddable":true,"href":"https:\/\/sp-kruse.de\/index.php?rest_route=\/wp\/v2\/media\/387"}],"wp:attachment":[{"href":"https:\/\/sp-kruse.de\/index.php?rest_route=%2Fwp%2Fv2%2Fmedia&parent=82"}],"curies":[{"name":"wp","href":"https:\/\/api.w.org\/{rel}","templated":true}]}}