{"id":43,"date":"2016-12-18T09:17:22","date_gmt":"2016-12-18T09:17:22","guid":{"rendered":"https:\/\/sp-kruse.de\/?page_id=43"},"modified":"2023-12-20T08:19:43","modified_gmt":"2023-12-20T08:19:43","slug":"mobilfunk-und-telecom","status":"publish","type":"page","link":"https:\/\/sp-kruse.de\/?page_id=43","title":{"rendered":"Mobilfunk und Telecom"},"content":{"rendered":"<p><strong>Als Freenet Vertriebspartner habe ich die M\u00f6glichkeit jedes Mobilfunknetz anzubieten. So finden wir zusammen, den passenden Tarif f\u00fcr Ihre Bed\u00fcrfnisse.<br \/>\n<\/strong><\/p>\n<p><img loading=\"lazy\" decoding=\"async\" class=\"alignnone size-large wp-image-771\" src=\"https:\/\/sp-kruse.de\/wp-content\/uploads\/2023\/03\/freenet-logo-aufblau-rgb-1024x345.jpg\" alt=\"\" width=\"1024\" height=\"345\" srcset=\"https:\/\/sp-kruse.de\/wp-content\/uploads\/2023\/03\/freenet-logo-aufblau-rgb-1024x345.jpg 1024w, https:\/\/sp-kruse.de\/wp-content\/uploads\/2023\/03\/freenet-logo-aufblau-rgb-300x101.jpg 300w, https:\/\/sp-kruse.de\/wp-content\/uploads\/2023\/03\/freenet-logo-aufblau-rgb-768x259.jpg 768w, https:\/\/sp-kruse.de\/wp-content\/uploads\/2023\/03\/freenet-logo-aufblau-rgb-1536x517.jpg 1536w, https:\/\/sp-kruse.de\/wp-content\/uploads\/2023\/03\/freenet-logo-aufblau-rgb-2048x690.jpg 2048w, https:\/\/sp-kruse.de\/wp-content\/uploads\/2023\/03\/freenet-logo-aufblau-rgb-1000x337.jpg 1000w, https:\/\/sp-kruse.de\/wp-content\/uploads\/2023\/03\/freenet-logo-aufblau-rgb-230x77.jpg 230w, https:\/\/sp-kruse.de\/wp-content\/uploads\/2023\/03\/freenet-logo-aufblau-rgb-350x118.jpg 350w, https:\/\/sp-kruse.de\/wp-content\/uploads\/2023\/03\/freenet-logo-aufblau-rgb-480x162.jpg 480w\" sizes=\"auto, (max-width: 1024px) 100vw, 1024px\" \/><\/p>\n<p><img loading=\"lazy\" decoding=\"async\" class=\"alignnone size-large wp-image-773\" src=\"https:\/\/sp-kruse.de\/wp-content\/uploads\/2023\/03\/klarmobil-de-Logo-Markenzusatz-mitClaim-aufWeiss-RGB-1024x536.png\" alt=\"\" width=\"1024\" height=\"536\" srcset=\"https:\/\/sp-kruse.de\/wp-content\/uploads\/2023\/03\/klarmobil-de-Logo-Markenzusatz-mitClaim-aufWeiss-RGB-1024x536.png 1024w, https:\/\/sp-kruse.de\/wp-content\/uploads\/2023\/03\/klarmobil-de-Logo-Markenzusatz-mitClaim-aufWeiss-RGB-300x157.png 300w, https:\/\/sp-kruse.de\/wp-content\/uploads\/2023\/03\/klarmobil-de-Logo-Markenzusatz-mitClaim-aufWeiss-RGB-768x402.png 768w, https:\/\/sp-kruse.de\/wp-content\/uploads\/2023\/03\/klarmobil-de-Logo-Markenzusatz-mitClaim-aufWeiss-RGB-1536x803.png 1536w, https:\/\/sp-kruse.de\/wp-content\/uploads\/2023\/03\/klarmobil-de-Logo-Markenzusatz-mitClaim-aufWeiss-RGB-1000x523.png 1000w, https:\/\/sp-kruse.de\/wp-content\/uploads\/2023\/03\/klarmobil-de-Logo-Markenzusatz-mitClaim-aufWeiss-RGB-230x120.png 230w, https:\/\/sp-kruse.de\/wp-content\/uploads\/2023\/03\/klarmobil-de-Logo-Markenzusatz-mitClaim-aufWeiss-RGB-350x183.png 350w, https:\/\/sp-kruse.de\/wp-content\/uploads\/2023\/03\/klarmobil-de-Logo-Markenzusatz-mitClaim-aufWeiss-RGB-480x251.png 480w, https:\/\/sp-kruse.de\/wp-content\/uploads\/2023\/03\/klarmobil-de-Logo-Markenzusatz-mitClaim-aufWeiss-RGB.png 2000w\" sizes=\"auto, (max-width: 1024px) 100vw, 1024px\" \/><\/p>\n<p><img loading=\"lazy\" decoding=\"async\" class=\"alignnone wp-image-862 size-full\" src=\"https:\/\/sp-kruse.de\/wp-content\/uploads\/2023\/12\/Handyauswahl-scaled.jpg\" alt=\"\" width=\"2560\" height=\"1440\" srcset=\"https:\/\/sp-kruse.de\/wp-content\/uploads\/2023\/12\/Handyauswahl-scaled.jpg 2560w, https:\/\/sp-kruse.de\/wp-content\/uploads\/2023\/12\/Handyauswahl-300x169.jpg 300w, https:\/\/sp-kruse.de\/wp-content\/uploads\/2023\/12\/Handyauswahl-1024x576.jpg 1024w, https:\/\/sp-kruse.de\/wp-content\/uploads\/2023\/12\/Handyauswahl-768x432.jpg 768w, https:\/\/sp-kruse.de\/wp-content\/uploads\/2023\/12\/Handyauswahl-1536x864.jpg 1536w, https:\/\/sp-kruse.de\/wp-content\/uploads\/2023\/12\/Handyauswahl-2048x1152.jpg 2048w, https:\/\/sp-kruse.de\/wp-content\/uploads\/2023\/12\/Handyauswahl-1000x563.jpg 1000w, https:\/\/sp-kruse.de\/wp-content\/uploads\/2023\/12\/Handyauswahl-230x129.jpg 230w, https:\/\/sp-kruse.de\/wp-content\/uploads\/2023\/12\/Handyauswahl-350x197.jpg 350w, https:\/\/sp-kruse.de\/wp-content\/uploads\/2023\/12\/Handyauswahl-480x270.jpg 480w\" sizes=\"auto, (max-width: 2560px) 100vw, 2560px\" \/><\/p>\n<p><strong>Eine gro\u00dfe Auswahl an Mobiltelefonen habe ich immer verf\u00fcgbar. Ob in Verbindung mit einem Mobilfunkvertrag, Vertragsverl\u00e4ngerung oder einfach zum Kauf, alle Varianten sind m\u00f6glich.<\/strong><\/p>\n<div class=\"pushmenu-wrapper\">\n<div class=\"site-md__main-content\">\n<section class=\"content-section\">\n<div class=\"row align-center\">\n<div class=\"columns small-12 large-8\">\n<h2 class=\"headline3 -style-secondary -margin-bottom -padding-top-0\">Handyvertrag verl\u00e4ngern:<\/h2>\n<h3 class=\"headline3 -style-secondary -margin-bottom -padding-top-0\">Die besten Tipps<\/h3>\n<p class=\"paragraph\">Nutzen Sie den letzten Abschnitt Ihrer Vertragslaufzeit um zu \u00fcberpr\u00fcfen, ob die vereinbarten Vertragskonditionen nach wie vor zu Ihrem <strong>Handynutzungsverhalten<\/strong> passen. Ich pr\u00fcfe gern mit Ihnen Ihre Nutzungsdaten und berate Sie zu aktuellen Tarifen. Im Zuge der Vertragsverl\u00e4ngerung k\u00f6nnen Sie dann auch den Tarif aktualisieren. Besuchen Sie mich einfach einmal im Gesch\u00e4ft, ich berate Sie gern.<\/p>\n<\/div>\n<\/div>\n<\/section>\n<\/div>\n<\/div>\n<h2 style=\"text-align: left;\"><strong>Telekom Festnetz und DSL<\/strong><\/h2>\n<p><img loading=\"lazy\" decoding=\"async\" class=\"size-full wp-image-172 alignleft\" src=\"https:\/\/sp-kruse.de\/wp-content\/uploads\/2016\/12\/17KW02-BuehneIVS-MagentaEINS-Vorteil-19-95NEU.png\" alt=\"\" width=\"680\" height=\"180\" srcset=\"https:\/\/sp-kruse.de\/wp-content\/uploads\/2016\/12\/17KW02-BuehneIVS-MagentaEINS-Vorteil-19-95NEU.png 680w, https:\/\/sp-kruse.de\/wp-content\/uploads\/2016\/12\/17KW02-BuehneIVS-MagentaEINS-Vorteil-19-95NEU-300x79.png 300w, https:\/\/sp-kruse.de\/wp-content\/uploads\/2016\/12\/17KW02-BuehneIVS-MagentaEINS-Vorteil-19-95NEU-230x61.png 230w, https:\/\/sp-kruse.de\/wp-content\/uploads\/2016\/12\/17KW02-BuehneIVS-MagentaEINS-Vorteil-19-95NEU-350x93.png 350w, https:\/\/sp-kruse.de\/wp-content\/uploads\/2016\/12\/17KW02-BuehneIVS-MagentaEINS-Vorteil-19-95NEU-480x127.png 480w\" sizes=\"auto, (max-width: 680px) 100vw, 680px\" \/><\/p>\n<p><strong>Gern berate ich Sie auch zu Ihrem Festnetzanschlu\u00df und Internetzugang. Ob Neuanschlu\u00df oder Tarif\u00e4nderung, die Telekom hat bestimmt das passende Produkt f\u00fcr Sie.<\/strong><\/p>\n<p><img loading=\"lazy\" decoding=\"async\" class=\"alignnone wp-image-543 size-large\" src=\"https:\/\/sp-kruse.de\/wp-content\/uploads\/2021\/02\/AVM-7590-2400-1-1024x415.png\" alt=\"\" width=\"1024\" height=\"415\" srcset=\"https:\/\/sp-kruse.de\/wp-content\/uploads\/2021\/02\/AVM-7590-2400-1-1024x415.png 1024w, https:\/\/sp-kruse.de\/wp-content\/uploads\/2021\/02\/AVM-7590-2400-1-300x122.png 300w, https:\/\/sp-kruse.de\/wp-content\/uploads\/2021\/02\/AVM-7590-2400-1-768x311.png 768w, https:\/\/sp-kruse.de\/wp-content\/uploads\/2021\/02\/AVM-7590-2400-1-830x336.png 830w, https:\/\/sp-kruse.de\/wp-content\/uploads\/2021\/02\/AVM-7590-2400-1-230x93.png 230w, https:\/\/sp-kruse.de\/wp-content\/uploads\/2021\/02\/AVM-7590-2400-1-350x142.png 350w, https:\/\/sp-kruse.de\/wp-content\/uploads\/2021\/02\/AVM-7590-2400-1-480x195.png 480w, https:\/\/sp-kruse.de\/wp-content\/uploads\/2021\/02\/AVM-7590-2400-1.png 1278w\" sizes=\"auto, (max-width: 1024px) 100vw, 1024px\" \/><\/p>\n<p><strong>Den passenden DSL Router von AVM oder Telekom finden Sie bei mir.<\/strong><\/p>\n<p><img loading=\"lazy\" decoding=\"async\" class=\"alignnone wp-image-16 size-large\" src=\"https:\/\/sp-kruse.de\/wp-content\/uploads\/2016\/12\/Telekom-1024x614.jpg\" width=\"1024\" height=\"614\" srcset=\"https:\/\/sp-kruse.de\/wp-content\/uploads\/2016\/12\/Telekom-1024x614.jpg 1024w, https:\/\/sp-kruse.de\/wp-content\/uploads\/2016\/12\/Telekom-300x180.jpg 300w, https:\/\/sp-kruse.de\/wp-content\/uploads\/2016\/12\/Telekom-768x461.jpg 768w, https:\/\/sp-kruse.de\/wp-content\/uploads\/2016\/12\/Telekom-830x498.jpg 830w, https:\/\/sp-kruse.de\/wp-content\/uploads\/2016\/12\/Telekom-230x138.jpg 230w, https:\/\/sp-kruse.de\/wp-content\/uploads\/2016\/12\/Telekom-350x210.jpg 350w, https:\/\/sp-kruse.de\/wp-content\/uploads\/2016\/12\/Telekom-480x288.jpg 480w\" sizes=\"auto, (max-width: 1024px) 100vw, 1024px\" \/><\/p>\n<p><strong>Im Festnetzbereich habe ich immer eine umfangreiche Auswahl an Telefonen von Gigaset im Programm. Festnetzanschl\u00fcsse und Internetzug\u00e4nge vertreibe ich von der Telekom. Auch hier berate ich Sie gern \u00fcber die verschiede Tarifmodelle. Und wenn Sie es w\u00fcnschen, installiere oder repariere ich auch Ihren Anschlu\u00df Zuhause.<br \/>\n<\/strong><\/p>\n","protected":false},"excerpt":{"rendered":"<p>Als Freenet Vertriebspartner habe ich die M\u00f6glichkeit jedes Mobilfunknetz anzubieten. So finden wir zusammen, den passenden Tarif f\u00fcr Ihre Bed\u00fcrfnisse. Eine gro\u00dfe [&hellip;]<\/p>\n","protected":false},"author":1,"featured_media":0,"parent":0,"menu_order":0,"comment_status":"closed","ping_status":"closed","template":"","meta":{"footnotes":""},"class_list":["post-43","page","type-page","status-publish","hentry"],"_links":{"self":[{"href":"https:\/\/sp-kruse.de\/index.php?rest_route=\/wp\/v2\/pages\/43","targetHints":{"allow":["GET"]}}],"collection":[{"href":"https:\/\/sp-kruse.de\/index.php?rest_route=\/wp\/v2\/pages"}],"about":[{"href":"https:\/\/sp-kruse.de\/index.php?rest_route=\/wp\/v2\/types\/page"}],"author":[{"embeddable":true,"href":"https:\/\/sp-kruse.de\/index.php?rest_route=\/wp\/v2\/users\/1"}],"replies":[{"embeddable":true,"href":"https:\/\/sp-kruse.de\/index.php?rest_route=%2Fwp%2Fv2%2Fcomments&post=43"}],"version-history":[{"count":30,"href":"https:\/\/sp-kruse.de\/index.php?rest_route=\/wp\/v2\/pages\/43\/revisions"}],"predecessor-version":[{"id":863,"href":"https:\/\/sp-kruse.de\/index.php?rest_route=\/wp\/v2\/pages\/43\/revisions\/863"}],"wp:attachment":[{"href":"https:\/\/sp-kruse.de\/index.php?rest_route=%2Fwp%2Fv2%2Fmedia&parent=43"}],"curies":[{"name":"wp","href":"https:\/\/api.w.org\/{rel}","templated":true}]}}

<p><strong>Als Freenet Vertriebspartner habe ich die Möglichkeit jedes Mobilfunknetz anzubieten. So finden wir zusammen, den passenden Tarif für Ihre Bedürfnisse.<br />
</strong></p>
<p><img loading="lazy" decoding="async" class="alignnone size-large wp-image-771" src="https://sp-kruse.de/wp-content/uploads/2023/03/freenet-logo-aufblau-rgb-1024x345.jpg" alt="" width="1024" height="345" srcset="https://sp-kruse.de/wp-content/uploads/2023/03/freenet-logo-aufblau-rgb-1024x345.jpg 1024w, https://sp-kruse.de/wp-content/uploads/2023/03/freenet-logo-aufblau-rgb-300x101.jpg 300w, https://sp-kruse.de/wp-content/uploads/2023/03/freenet-logo-aufblau-rgb-768x259.jpg 768w, https://sp-kruse.de/wp-content/uploads/2023/03/freenet-logo-aufblau-rgb-1536x517.jpg 1536w, https://sp-kruse.de/wp-content/uploads/2023/03/freenet-logo-aufblau-rgb-2048x690.jpg 2048w, https://sp-kruse.de/wp-content/uploads/2023/03/freenet-logo-aufblau-rgb-1000x337.jpg 1000w, https://sp-kruse.de/wp-content/uploads/2023/03/freenet-logo-aufblau-rgb-230x77.jpg 230w, https://sp-kruse.de/wp-content/uploads/2023/03/freenet-logo-aufblau-rgb-350x118.jpg 350w, https://sp-kruse.de/wp-content/uploads/2023/03/freenet-logo-aufblau-rgb-480x162.jpg 480w" sizes="auto, (max-width: 1024px) 100vw, 1024px" /></p>
<p><img loading="lazy" decoding="async" class="alignnone size-large wp-image-773" src="https://sp-kruse.de/wp-content/uploads/2023/03/klarmobil-de-Logo-Markenzusatz-mitClaim-aufWeiss-RGB-1024x536.png" alt="" width="1024" height="536" srcset="https://sp-kruse.de/wp-content/uploads/2023/03/klarmobil-de-Logo-Markenzusatz-mitClaim-aufWeiss-RGB-1024x536.png 1024w, https://sp-kruse.de/wp-content/uploads/2023/03/klarmobil-de-Logo-Markenzusatz-mitClaim-aufWeiss-RGB-300x157.png 300w, https://sp-kruse.de/wp-content/uploads/2023/03/klarmobil-de-Logo-Markenzusatz-mitClaim-aufWeiss-RGB-768x402.png 768w, https://sp-kruse.de/wp-content/uploads/2023/03/klarmobil-de-Logo-Markenzusatz-mitClaim-aufWeiss-RGB-1536x803.png 1536w, https://sp-kruse.de/wp-content/uploads/2023/03/klarmobil-de-Logo-Markenzusatz-mitClaim-aufWeiss-RGB-1000x523.png 1000w, https://sp-kruse.de/wp-content/uploads/2023/03/klarmobil-de-Logo-Markenzusatz-mitClaim-aufWeiss-RGB-230x120.png 230w, https://sp-kruse.de/wp-content/uploads/2023/03/klarmobil-de-Logo-Markenzusatz-mitClaim-aufWeiss-RGB-350x183.png 350w, https://sp-kruse.de/wp-content/uploads/2023/03/klarmobil-de-Logo-Markenzusatz-mitClaim-aufWeiss-RGB-480x251.png 480w, https://sp-kruse.de/wp-content/uploads/2023/03/klarmobil-de-Logo-Markenzusatz-mitClaim-aufWeiss-RGB.png 2000w" sizes="auto, (max-width: 1024px) 100vw, 1024px" /></p>
<p><img loading="lazy" decoding="async" class="alignnone wp-image-862 size-full" src="https://sp-kruse.de/wp-content/uploads/2023/12/Handyauswahl-scaled.jpg" alt="" width="2560" height="1440" srcset="https://sp-kruse.de/wp-content/uploads/2023/12/Handyauswahl-scaled.jpg 2560w, https://sp-kruse.de/wp-content/uploads/2023/12/Handyauswahl-300x169.jpg 300w, https://sp-kruse.de/wp-content/uploads/2023/12/Handyauswahl-1024x576.jpg 1024w, https://sp-kruse.de/wp-content/uploads/2023/12/Handyauswahl-768x432.jpg 768w, https://sp-kruse.de/wp-content/uploads/2023/12/Handyauswahl-1536x864.jpg 1536w, https://sp-kruse.de/wp-content/uploads/2023/12/Handyauswahl-2048x1152.jpg 2048w, https://sp-kruse.de/wp-content/uploads/2023/12/Handyauswahl-1000x563.jpg 1000w, https://sp-kruse.de/wp-content/uploads/2023/12/Handyauswahl-230x129.jpg 230w, https://sp-kruse.de/wp-content/uploads/2023/12/Handyauswahl-350x197.jpg 350w, https://sp-kruse.de/wp-content/uploads/2023/12/Handyauswahl-480x270.jpg 480w" sizes="auto, (max-width: 2560px) 100vw, 2560px" /></p>
<p><strong>Eine große Auswahl an Mobiltelefonen habe ich immer verfügbar. Ob in Verbindung mit einem Mobilfunkvertrag, Vertragsverlängerung oder einfach zum Kauf, alle Varianten sind möglich.</strong></p>
<div class="pushmenu-wrapper">
<div class="site-md__main-content">
<section class="content-section">
<div class="row align-center">
<div class="columns small-12 large-8">
<h2 class="headline3 -style-secondary -margin-bottom -padding-top-0">Handyvertrag verlängern:</h2>
<h3 class="headline3 -style-secondary -margin-bottom -padding-top-0">Die besten Tipps</h3>
<p class="paragraph">Nutzen Sie den letzten Abschnitt Ihrer Vertragslaufzeit um zu überprüfen, ob die vereinbarten Vertragskonditionen nach wie vor zu Ihrem <strong>Handynutzungsverhalten</strong> passen. Ich prüfe gern mit Ihnen Ihre Nutzungsdaten und berate Sie zu aktuellen Tarifen. Im Zuge der Vertragsverlängerung können Sie dann auch den Tarif aktualisieren. Besuchen Sie mich einfach einmal im Geschäft, ich berate Sie gern.</p>
</div>
</div>
</section>
</div>
</div>
<h2 style="text-align: left;"><strong>Telekom Festnetz und DSL</strong></h2>
<p><img loading="lazy" decoding="async" class="size-full wp-image-172 alignleft" src="https://sp-kruse.de/wp-content/uploads/2016/12/17KW02-BuehneIVS-MagentaEINS-Vorteil-19-95NEU.png" alt="" width="680" height="180" srcset="https://sp-kruse.de/wp-content/uploads/2016/12/17KW02-BuehneIVS-MagentaEINS-Vorteil-19-95NEU.png 680w, https://sp-kruse.de/wp-content/uploads/2016/12/17KW02-BuehneIVS-MagentaEINS-Vorteil-19-95NEU-300x79.png 300w, https://sp-kruse.de/wp-content/uploads/2016/12/17KW02-BuehneIVS-MagentaEINS-Vorteil-19-95NEU-230x61.png 230w, https://sp-kruse.de/wp-content/uploads/2016/12/17KW02-BuehneIVS-MagentaEINS-Vorteil-19-95NEU-350x93.png 350w, https://sp-kruse.de/wp-content/uploads/2016/12/17KW02-BuehneIVS-MagentaEINS-Vorteil-19-95NEU-480x127.png 480w" sizes="auto, (max-width: 680px) 100vw, 680px" /></p>
<p><strong>Gern berate ich Sie auch zu Ihrem Festnetzanschluß und Internetzugang. Ob Neuanschluß oder Tarifänderung, die Telekom hat bestimmt das passende Produkt für Sie.</strong></p>
<p><img loading="lazy" decoding="async" class="alignnone wp-image-543 size-large" src="https://sp-kruse.de/wp-content/uploads/2021/02/AVM-7590-2400-1-1024x415.png" alt="" width="1024" height="415" srcset="https://sp-kruse.de/wp-content/uploads/2021/02/AVM-7590-2400-1-1024x415.png 1024w, https://sp-kruse.de/wp-content/uploads/2021/02/AVM-7590-2400-1-300x122.png 300w, https://sp-kruse.de/wp-content/uploads/2021/02/AVM-7590-2400-1-768x311.png 768w, https://sp-kruse.de/wp-content/uploads/2021/02/AVM-7590-2400-1-830x336.png 830w, https://sp-kruse.de/wp-content/uploads/2021/02/AVM-7590-2400-1-230x93.png 230w, https://sp-kruse.de/wp-content/uploads/2021/02/AVM-7590-2400-1-350x142.png 350w, https://sp-kruse.de/wp-content/uploads/2021/02/AVM-7590-2400-1-480x195.png 480w, https://sp-kruse.de/wp-content/uploads/2021/02/AVM-7590-2400-1.png 1278w" sizes="auto, (max-width: 1024px) 100vw, 1024px" /></p>
<p><strong>Den passenden DSL Router von AVM oder Telekom finden Sie bei mir.</strong></p>
<p><img loading="lazy" decoding="async" class="alignnone wp-image-16 size-large" src="https://sp-kruse.de/wp-content/uploads/2016/12/Telekom-1024x614.jpg" width="1024" height="614" srcset="https://sp-kruse.de/wp-content/uploads/2016/12/Telekom-1024x614.jpg 1024w, https://sp-kruse.de/wp-content/uploads/2016/12/Telekom-300x180.jpg 300w, https://sp-kruse.de/wp-content/uploads/2016/12/Telekom-768x461.jpg 768w, https://sp-kruse.de/wp-content/uploads/2016/12/Telekom-830x498.jpg 830w, https://sp-kruse.de/wp-content/uploads/2016/12/Telekom-230x138.jpg 230w, https://sp-kruse.de/wp-content/uploads/2016/12/Telekom-350x210.jpg 350w, https://sp-kruse.de/wp-content/uploads/2016/12/Telekom-480x288.jpg 480w" sizes="auto, (max-width: 1024px) 100vw, 1024px" /></p>
<p><strong>Im Festnetzbereich habe ich immer eine umfangreiche Auswahl an Telefonen von Gigaset im Programm. Festnetzanschlüsse und Internetzugänge vertreibe ich von der Telekom. Auch hier berate ich Sie gern über die verschiede Tarifmodelle. Und wenn Sie es wünschen, installiere oder repariere ich auch Ihren Anschluß Zuhause.<br />
</strong></p>

<p>Als Freenet Vertriebspartner habe ich die Möglichkeit jedes Mobilfunknetz anzubieten. So finden wir zusammen, den passenden Tarif für Ihre Bedürfnisse. Eine große [&hellip;]</p>
